.
1
Suppose 2*y = y - 298. Let i be 7/35 + y/(-10). Calculate the highest common divisor of i and 12.
6
Let i = -6 + -3. Let p = i - -27. Calculate the highest common divisor of p and 126.
18
Let z be (5/10)/((-2)/(-32)). Suppose 3*i - z = 154. What is the highest common divisor of i and 18?
18
Let c = 46 - 24. Calculate the highest common factor of 242 and c.
22
Let o(v) = -v**3 + 8*v**2 - 8*v + 11. Let c be o(5). Calculate the highest common factor of c and 69.
23
Suppose 5*x + h = 58, -x - x + 34 = 4*h. Calculate the highest common divisor of 55 and x.
11
Let b be (-18)/(-4) + (-3)/(-6). Suppose b*t - 40 = -4*n, -n - 4*n = -4*t + 32. Suppose 2750 = 52*q - 578. What is the greatest common divisor of q and t?
8
Suppose z + 8 = 2. Let x = 10 + z. Let g be (-2)/4 - 147/(-6). Calculate the highest common factor of x and g.
4
Suppose -29 = -2*d + 4*c - 9*c, 5*d - 61 = -c. Let s = -9 + d. Calculate the highest common divisor of s and 3.
3
Let x be 0*-2*2/12. Suppose 2*g + x = 24. What is the highest common divisor of g and 30?
6
Let k(a) = 4*a**2 - a - 1. Let z be k(-1). Calculate the highest common divisor of 8 and z.
4
Let k be 47 - (1 - -4 - 6). What is the greatest common divisor of k and 16?
16
Let f be 4 + -3 - (-13 + -2). Let x be 2 + 284/(-2 - (-2 + -2)). What is the highest common divisor of x and f?
16
Let i(l) = l**3 - l**2 - 4*l - 2. Let r be i(6). What is the highest common factor of 14 and r?
14
Let x = -14 + 23. What is the greatest common divisor of 36 and x?
9
Let b = 38 - -13. Let f = -23 + b. What is the greatest common factor of f and 4?
4
Let x be (-19)/(-4)*(-5 + 9). Suppose 3*h + 2*r - 6*r = x, -h + 3*r = 2. What is the greatest common divisor of 39 and h?
13
Suppose 9*p = 752 + 616. Calculate the greatest common divisor of 19 and p.
19
Let h be (-3)/9*(-2 - 1). Let y = h - -2. Calculate the greatest common divisor of y and 3.
3
Let d be ((-3)/(-12))/((-4)/(-176)). What is the greatest common divisor of d and 22?
11
Let c(a) = a**3 - 8*a**2 + 6*a + 8. Let q be c(7). Let p(h) = 16*h**2 + 0 + 0. Let s be p(q). Calculate the highest common divisor of 176 and s.
16
Suppose -5*n + 5 = 5*d, 16 = 2*n - 2*d - 3*d. Suppose 17 = 5*g + 2*f + f, -n*g = 3*f - 9. Calculate the highest common factor of g and 36.
4
Let r be (4/(-6))/2*0. Let p be (5 - 8)/(r - 1). Suppose -5*c = -4*w - 34, 0 = -3*c + p*w + 2*w + 23. What is the highest common factor of 15 and c?
3
Let w = -17 - -62. Suppose -7*b = -2*b - w. Let z be 2/(-3) - (-42)/b. What is the greatest common factor of 20 and z?
4
Let a = -28 + 58. What is the highest common factor of a and 12?
6
Let r(b) = -12*b - 1. Let l be r(-1). Calculate the highest common divisor of l and 1.
1
Suppose 0 = -2*w - 4*a + 10, 0 = -3*w + 7*a - 3*a - 5. Suppose 0 = 2*n - 7*n - 20. Let q be n/5*(w + -6). What is the greatest common factor of q and 4?
4
Let s(l) = -3*l - 6. Let f be s(-3). Calculate the highest common factor of f and 6.
3
Suppose -5*h - 4*n + 54 = -0*h, -5*h + n = -74. What is the highest common divisor of h and 154?
14
Suppose 0 = -2*b - 8, -596 = -h - 3*h + 2*b. Calculate the greatest common factor of 21 and h.
21
Let f(y) = -5*y**3 + 3*y**2 - y - 2. Let g be f(2). Let u = -18 - g. Calculate the greatest common divisor of u and 154.
14
Suppose 0 = r + 2 - 11. Suppose p = 3*n - 99, -3*n - 6*p = -4*p - 90. Let h = 95 - n. What is the greatest common divisor of h and r?
9
Let p be 4 - (441/3 - 0). Let c be p/(-2) + 6/(-4). Calculate the highest common divisor of c and 28.
14
Let c(b) = 22*b - 19. Let r be c(14). Suppose r = 4*w + 93. Calculate the greatest common divisor of 7 and w.
7
Let d be 3*(-4)/(-9 - 3). What is the greatest common divisor of 1 and d?
1
Suppose 0 = b + w - 8, -3*b - 15 = w - 37. Suppose -98 + 42 = 4*v. Let p be 6/((-3)/v - 0). What is the greatest common factor of p and b?
7
Let n(s) = s**3 - 2*s**2 - 2*s - 4. Let b be n(3). Let j be 3*b/(6/(-8)). Let a = 11 + -3. What is the highest common divisor of j and a?
4
Suppose v - 5*v - 188 = 0. Let g = -21 - v. Let c = -12 + 25. Calculate the highest common factor of g and c.
13
Suppose -6*h + 4*h = -112. What is the highest common divisor of h and 14?
14
Let f(l) be the first derivative of l**3/3 + 3*l**2/2 + 2*l - 4. Let h be f(-3). Calculate the greatest common divisor of h and 5.
1
Let t = 10 - 1. What is the greatest common divisor of 1 and t?
1
Let n = 64 + -43. What is the highest common divisor of n and 42?
21
Let i be 11 + (2/1 - 4). Let j be (-3 - -2 - -2)*36. Calculate the highest common divisor of j and i.
9
Suppose -i + 522 = i. Calculate the greatest common divisor of 29 and i.
29
Let d be 13/(13/6)*(-14)/(-3). Calculate the greatest common divisor of d and 21.
7
Let r(c) = -c**3 - 27*c**2 - c - 11. Let a be r(-27). Suppose -5*g + 5*b = 5, 5*g + 3*b = -0*b + 35. Calculate the greatest common factor of g and a.
4
Suppose -8*h - 12 = -12*h. Let w be (-2 - 2)*1/(-1). Let u be (-75)/(-27) + w/18. Calculate the greatest common divisor of u and h.
3
Let l = 3 - 1. Suppose l*o - 5 + 1 = 0. Suppose -r - 3*r + o = 2*q, 0 = -r + 3*q + 4. Calculate the highest common divisor of 8 and r.
1
Suppose -3*n + 111 = 2*v, -2*v + 5*v - 164 = -2*n. Let u(t) = 3*t - 3. Let w be u(2). Suppose w*z - v = 81. What is the greatest common divisor of z and 5?
5
Let m be (-40)/(-6) + -2 + 26/78. What is the greatest common factor of 5 and m?
5
Suppose 2*r = n - 277, 2*n = r - 6*r - 679. Let y = r - -55. Let w be (1*(-2 - y))/1. Calculate the highest common divisor of w and 10.
10
Suppose -b + 10 = -5. Calculate the highest common divisor of 30 and b.
15
Let v be 150/22 + (-26)/(-143). Let p = v - 2. Calculate the highest common divisor of p and 40.
5
Let l be -1 + -1 + (3 - 1). Let s = l - -17. Suppose -254 = -2*g + 52. Calculate the highest common factor of g and s.
17
Suppose -2*l = -11 - 31. Calculate the highest common factor of l and 28.
7
Suppose -3 + 7 = -2*h. Let s be 122 + (2 + -5 - h). Let g = 32 - 21. What is the greatest common factor of g and s?
11
Let p be 2/(-8) + 5/4 - -5. Calculate the highest common factor of p and 6.
6
Let v be 0/(1 - -1 - 3). Suppose 3*b + 11 + 1 = v, 124 = 5*u + 4*b. Calculate the greatest common divisor of 7 and u.
7
Let y = -14 - -25. Let p = y - -11. Calculate the greatest common factor of p and 22.
22
Let c be 6/8 - 87/4. Let p be c/(-2) - (-1)/(-2). Calculate the greatest common divisor of 25 and p.
5
Let p be ((-21)/(-6))/7*14. Suppose 0*v + 8 = 2*v, -296 = -4*j - 4*v. What is the greatest common factor of p and j?
7
Let l = -9 - -69. What is the highest common factor of l and 40?
20
Let g(c) = -c**3 + 5*c**2 - c - 4. Let s be g(3). Suppose 7*j = s*j - 24. What is the greatest common factor of j and 3?
3
Let k be (3 + -2)/((-1)/(-2)). Suppose -55 = k*s - 7*s. Suppose 4*d + s = -z, -2*z + 2*d + 10 = 2*z. Calculate the highest common factor of 9 and z.
1
Let k(x) be the first derivative of x**3 + x**2/2 - 2*x - 2. Let b be k(2). What is the greatest common divisor of 4 and b?
4
Let r be (-144)/20*(2 - 7). What is the greatest common factor of r and 90?
18
Let s(u) = -u**3 + 5*u**2 + 5. Let h be s(5). Suppose -5*f - 58 = -4*g - 3, -h*f = 15. What is the highest common divisor of g and 10?
10
Suppose 0*y + 5*y + 40 = 0. Let i = -3 - y. Suppose -26 = -2*u + 4. Calculate the greatest common factor of u and i.
5
Let h(l) = 19*l**2 + 10*l - 1. Let x be h(-2). Calculate the greatest common divisor of 11 and x.
11
Suppose -3*z + 3*f + 116 = -z, -5*z - 2*f + 328 = 0. Suppose 2*b - 18 = k, 3*b + 24 = 5*b - 4*k. Calculate the highest common factor of b and z.
8
Let p be ((-36)/27)/((-2)/6). What is the greatest common factor of p and 44?
4
Suppose 0 = -4*q - 0*q. Let v = 2 + q. Calculate the highest common factor of v and 10.
2
Suppose a + 12 = 4*a. What is the highest common factor of 32 and a?
4
Let y be (-1)/(-2) - (-62)/4. Suppose 5*d = -4 - y. Let x be (-2)/d + 100/8. Calculate the greatest common divisor of x and 91.
13
Suppose 0 = 5*d, -2*d = 5*v - 29 + 9. Calculate the highest common factor of v and 6.
2
Suppose -3 = -o + 25. Calculate the highest common divisor of o and 70.
14
Suppose -5*w + 3*c + 39 = -0*c, -4*w - 4*c + 12 = 0. What is the highest common factor of w and 18?
6
Suppose 4*a + 2 + 2